{"id":7980,"date":"2023-08-31T09:06:46","date_gmt":"2023-08-31T07:06:46","guid":{"rendered":"https:\/\/vrtecpriosjakobskidol.splet.arnes.si\/?page_id=7980"},"modified":"2026-04-07T18:30:39","modified_gmt":"2026-04-07T16:30:39","slug":"skupina-soncki","status":"publish","type":"page","link":"https:\/\/vrtecpriosjakobskidol.splet.arnes.si\/?page_id=7980","title":{"rendered":"Skupina Son\u010dki"},"content":{"rendered":"<h2><img loading=\"lazy\" decoding=\"async\" class=\"alignnone size-large wp-image-7994\" src=\"https:\/\/vrtecpriosjakobskidol.splet.arnes.si\/files\/2023\/08\/4-1024x312.jpg\" alt=\"\" width=\"1024\" height=\"312\" srcset=\"https:\/\/vrtecpriosjakobskidol.splet.arnes.si\/files\/2023\/08\/4-1024x312.jpg 1024w, https:\/\/vrtecpriosjakobskidol.splet.arnes.si\/files\/2023\/08\/4-300x91.jpg 300w, https:\/\/vrtecpriosjakobskidol.splet.arnes.si\/files\/2023\/08\/4-768x234.jpg 768w, https:\/\/vrtecpriosjakobskidol.splet.arnes.si\/files\/2023\/08\/4-1536x468.jpg 1536w, https:\/\/vrtecpriosjakobskidol.splet.arnes.si\/files\/2023\/08\/4.jpg 1640w\" sizes=\"(max-width: 1024px) 100vw, 1024px\" \/><\/h2>\n<h2 style=\"font-size: 25px\"><strong>1. STAROSTNO OBDOBJE (2\u20133 LET)<\/strong><\/h2>\n<h2 style=\"text-align: left\"><strong>* Vzgojiteljica: Jasmina Rodo\u0161ek<\/strong><br \/>\n<strong>* Pomo\u010dnica vzgojiteljice:<\/strong> <strong>Denisa Lon\u010dari\u010d<\/strong><\/h2>\n<p>&nbsp;<\/p>\n<h1 style=\"text-align: center\"><strong>\u0160OL<\/strong><strong>SKO LETO 2025\/26<\/strong><\/h1>\n<p style=\"text-align: center\"><strong>USTVARJALNO DOPOLDNE Z BABICAMI<\/strong><\/p>\nngg_shortcode_0_placeholder\n<p style=\"text-align: center\"><strong>MAREC PRI SON\u010cKIH<\/strong><\/p>\nngg_shortcode_1_placeholder\n<p style=\"text-align: center\"><strong>FEBRUAR PRI SON\u010cKIH<\/strong><\/p>\nngg_shortcode_2_placeholder\n<p style=\"text-align: center\"><strong>JANUAR PRI SON\u010cKIH<\/strong><\/p>\nngg_shortcode_3_placeholder\n<p style=\"text-align: center\"><strong>DECEMBER PRI SON\u010cKIH<\/strong><\/p>\nngg_shortcode_4_placeholder\n<p style=\"text-align: center\"><strong>NOVEMBER PRI SON\u010cKIH<\/strong><\/p>\nngg_shortcode_5_placeholder\n<p style=\"text-align: center\"><strong>OKTOBER PRI SON\u010cKIH<\/strong><\/p>\nngg_shortcode_6_placeholder\n<p style=\"text-align: center\"><strong>SEPTEMBER PRI SON\u010cKIH<\/strong><\/p>\nngg_shortcode_7_placeholder\n<p>&nbsp;<\/p>\n<p>&nbsp;<\/p>\n<h2 style=\"font-size: 25px;text-align: center\"><strong>\u0160OLSKO LETO 2024\/2025<\/strong><\/h2>\n<p>&nbsp;<\/p>\n<p style=\"text-align: center\"><strong>KOPALNI DAN<\/strong><\/p>\nngg_shortcode_8_placeholder\n<p style=\"text-align: center\"><strong>Dejavnosti v mesecu juniju<\/strong><\/p>\nngg_shortcode_9_placeholder\n<p style=\"text-align: center\"><strong>SPRETNI SMO TUDI<\/strong><\/p>\nngg_shortcode_10_placeholder\n<p style=\"text-align: center\"><strong>MESEC MAJ (PRESENE\u010cENJA V TRAVI)<\/strong><\/p>\nngg_shortcode_11_placeholder\n<p style=\"text-align: center\"><strong>&#8220;VARNO V VRTEC IN \u0160OLO&#8221; (3 del projekta &#8211; Pe\u0161ci, kolesarji, vozniki skirojev)<\/strong><\/p>\nngg_shortcode_12_placeholder\n<p style=\"text-align: center\"><strong>DAN ZEMLJE<\/strong><\/p>\nngg_shortcode_13_placeholder\n<p style=\"text-align: center\"><strong>&#8220;VELIKONO\u010cNI ZAJ\u010cEK&#8221;<\/strong><\/p>\nngg_shortcode_14_placeholder\n<p style=\"text-align: center\"><strong>PASAV\u010cEK<\/strong><\/p>\nngg_shortcode_15_placeholder\n<p style=\"text-align: center\"><strong>BABICE IN DEDI na obisku<\/strong><\/p>\nngg_shortcode_16_placeholder\n<p style=\"text-align: center\"><strong>POLICISTA na obisku<\/strong><\/p>\nngg_shortcode_17_placeholder\n<p style=\"text-align: center\"><strong>Mesec marec &#8211; DRU\u017dINA, PRIHAJA POMLAD<\/strong><\/p>\nngg_shortcode_18_placeholder\n<p style=\"text-align: center\"><strong>VADBENA URICA<\/strong><\/p>\nngg_shortcode_19_placeholder\n<p style=\"text-align: center\"><strong>PUST NOR\u010cAVIH UST<\/strong><\/p>\nngg_shortcode_20_placeholder\n<p style=\"text-align: center\"><strong>IMAMO SE RADI (VALENTINOVO)<\/strong><\/p>\nngg_shortcode_21_placeholder\n<p style=\"text-align: center\"><strong>ZIMSKA OBLA\u010cILA<\/strong><\/p>\nngg_shortcode_22_placeholder\n<p style=\"text-align: center\"><strong>KAJ ZMOREM<\/strong><\/p>\nngg_shortcode_23_placeholder\n<p style=\"text-align: center\"><strong>VIDNOST IN VARNOST POZIMI<\/strong><\/p>\nngg_shortcode_24_placeholder\n<p style=\"text-align: center\"><strong>VESELI DECEMBER<\/strong><\/p>\nngg_shortcode_25_placeholder\n<p style=\"text-align: center\"><strong>ODPIRANJE DARIL<\/strong><\/p>\nngg_shortcode_26_placeholder\n<p style=\"text-align: center\"><strong>NOVEMBER<\/strong><\/p>\nngg_shortcode_27_placeholder\n<p style=\"text-align: center\"><strong>SLOVENSKI TRADICIONALNI ZAJTRK<\/strong><\/p>\nngg_shortcode_28_placeholder\n<p style=\"text-align: center\"><strong>DEJAVNOSTI V MESECU OKTOBRU<\/strong><\/p>\nngg_shortcode_29_placeholder\n<p style=\"text-align: center\"><strong>\u017dIGA \u017dAGA, V VRTCU ODMEVA ZOBNA \u0160\u010cETKA<\/strong><\/p>\n<p>Obiskala nas je medicinska sestra iz zobozdravstvene ambulante in otroke pou\u010dila o pomembnosti nege zobkov in zdrave uravnote\u017eene prehrane. Z belim nasmehom in zobno mi\u0161ko, smo si pri\u010darali \u010dudovit dan.<\/p>\nngg_shortcode_30_placeholder\n<p style=\"text-align: center\"><strong>TEDEN OTROKA &#8211; PETEK<\/strong><\/p>\nngg_shortcode_31_placeholder\n<p style=\"text-align: center\"><strong>TEDEN OTROKA &#8211; \u010cETRTEK<\/strong><\/p>\nngg_shortcode_32_placeholder\n<p style=\"text-align: center\"><strong>TEDEN OTROKA &#8211; SREDA<\/strong><\/p>\nngg_shortcode_33_placeholder\n<p style=\"text-align: center\"><strong>TEDEN OTROKA &#8211; TOREK<\/strong><\/p>\n<p><!--nextpage--><\/p>\n<p>&nbsp;<\/p>\nngg_shortcode_34_placeholder\n<p style=\"text-align: center\"><strong>TEDEN OTROKA &#8211; PONEDELJEK<\/strong><\/p>\nngg_shortcode_35_placeholder\n<p style=\"text-align: center\"><strong>SKRB ZA NA\u0160E ZOBKE<\/strong><\/p>\nngg_shortcode_36_placeholder\n<p style=\"text-align: center\"><strong>POSTALI SMO SON\u010cKI<\/strong><\/p>\nngg_shortcode_37_placeholder\n<p style=\"text-align: center\"><strong>MNO\u017dI\u010cNI TEK<\/strong><\/p>\nngg_shortcode_38_placeholder\n<h2><!--nextpage--><\/h2>\n<h2 style=\"font-size: 25px;text-align: center\"><strong>\u0160OLSKO LETO 2023\/2024<\/strong><\/h2>\n<p>&nbsp;<\/p>\n<p style=\"text-align: center\"><strong>Vro\u010d dan<\/strong><\/p>\nngg_shortcode_39_placeholder\n<p style=\"text-align: center\"><strong>O koko\u0161ki, ki ji je \u0161lo vse narobe (obisk knji\u017enice)<\/strong><\/p>\nngg_shortcode_40_placeholder\n<p style=\"text-align: center\"><strong>Sonce in de\u017e<\/strong><\/p>\nngg_shortcode_41_placeholder\n<p style=\"text-align: center\"><strong>Obisk telovadnice<\/strong><\/p>\nngg_shortcode_42_placeholder\n<p style=\"text-align: center\"><strong>&#8220;Velika Marjetica&#8221;<\/strong><\/p>\nngg_shortcode_43_placeholder\n<p style=\"text-align: center\"><strong>Obisk knji\u017enice (Ciciban in \u010debela)<\/strong><\/p>\nngg_shortcode_44_placeholder\n<p style=\"text-align: center\"><strong>Svetovni dan \u010debel (20. maj)<\/strong><\/p>\nngg_shortcode_45_placeholder\n<p style=\"text-align: center\"><strong>Varno v prometu (kolo, \u010delada)<\/strong><\/p>\nngg_shortcode_46_placeholder\n<p style=\"text-align: center\"><strong>Moj prijatelj Dino<\/strong><\/p>\nngg_shortcode_47_placeholder\n<p style=\"text-align: center\"><strong>Policista na obisku<\/strong><\/p>\nngg_shortcode_48_placeholder\n<p style=\"text-align: center\"><strong>Obisk knji\u017enice (knjiga Cveto\u010de mesto)<\/strong><\/p>\nngg_shortcode_49_placeholder\n<p style=\"text-align: center\"><strong>Sprehod v de\u017eju<\/strong><\/p>\nngg_shortcode_50_placeholder\n<p style=\"text-align: center\"><strong>Metulj\u010dek, cekin\u010dek, ti potepin\u010dek, kje si pa bil? \u201cPri<br \/>\nmajceni cvetki, drobni marjetki medek sem pil.\u201d<\/strong><\/p>\nngg_shortcode_51_placeholder\n<p style=\"text-align: center\"><strong>Sprehod malo druga\u010de (Dan zemlje)<\/strong><\/p>\nngg_shortcode_52_placeholder\n<p style=\"text-align: center\"><strong>Jaz policist (projekt Pasav\u010dek)<\/strong><\/p>\nngg_shortcode_53_placeholder\n<p style=\"text-align: center\"><strong>Nov prijatelj Vid<\/strong><\/p>\nngg_shortcode_54_placeholder\n<p style=\"text-align: center\"><strong>Red je vedno pas pripet! (projekt Pasav\u010dek)<\/strong><\/p>\nngg_shortcode_55_placeholder\n<h5><!--nextpage--><\/h5>\n<p style=\"text-align: center\"><strong>Dru\u017eenje z babicami<\/strong><\/p>\nngg_shortcode_56_placeholder\n<p style=\"text-align: center\"><strong>Jaz pa grem na zeleno trav\u2019co<br \/>\ntrgat ro\u017e\u2019ce za mojo mam\u2019co,<br \/>\ntrgat ro\u017e\u2019ce za mojo mam\u2019co,<br \/>\nu lepe bele marjetice.<\/strong><\/p>\nngg_shortcode_57_placeholder\n<h5 style=\"text-align: center\">Obisk knji\u017enice<\/h5>\nngg_shortcode_58_placeholder\n<h5 style=\"text-align: center\">Mojstri na delu<\/h5>\nngg_shortcode_59_placeholder\n<h5 style=\"text-align: center\">Jaz sem muzikant<\/h5>\nngg_shortcode_60_placeholder\n<h5 style=\"text-align: center\">Kurent in koranti<\/h5>\nngg_shortcode_61_placeholder\n<h5 style=\"text-align: center\">Pust, veselih ust<\/h5>\nngg_shortcode_62_placeholder\n<h5 style=\"text-align: center\">France Pre\u0161eren<\/h5>\n<h5 style=\"text-align: center\">(O de\u010dku, ki je rad pisal pesmi)<\/h5>\n<h6 style=\"text-align: center\">ve\u010d tudi pod:<\/h6>\n<h6 style=\"text-align: center\">fotogalerija &#8211; vrt\u010devska proslava<\/h6>\n<p>&nbsp;<\/p>\nngg_shortcode_63_placeholder\n<h5 style=\"text-align: center\">Dogaja se&#8230;<\/h5>\nngg_shortcode_64_placeholder\n<h5 style=\"text-align: center\">Zabavna zima<\/h5>\nngg_shortcode_65_placeholder\n<h5 style=\"text-align: center\">Sneg&#8230;.SNEG:)<\/h5>\nngg_shortcode_66_placeholder\n<h5 style=\"text-align: center\">Varni v temi (projekt)<\/h5>\nngg_shortcode_67_placeholder\n<h5><!--nextpage--><\/h5>\n<h5 style=\"text-align: center\">Veseli december<\/h5>\nngg_shortcode_68_placeholder\n<h5 style=\"text-align: center\">Oj smre\u010dica, oj smre\u010dica ponosna in zelena&#8230;<\/h5>\nngg_shortcode_69_placeholder\n<p style=\"text-align: center\"><strong>Bo\u017ei\u010dno \u017eito<\/strong><\/p>\nngg_shortcode_70_placeholder\n<h5 style=\"text-align: center\">Priprava pi\u0161kotov<\/h5>\nngg_shortcode_71_placeholder\n<h5 style=\"text-align: center\">Bo\u017ei\u010dek nas je obiskal<\/h5>\nngg_shortcode_72_placeholder\n<h5 style=\"text-align: center\"><strong>DESET PRSTKOV (bibarija)<\/strong><\/h5>\n<p style=\"text-align: center\">Deset prstkov imam,&nbsp;<\/p>\n<p style=\"text-align: center\">naj vam poka\u017eem,<\/p>\n<p style=\"text-align: center\">kaj z njimi znam?<\/p>\nngg_shortcode_73_placeholder\n<h5 style=\"text-align: center\"><strong>PRIPRAVA KRUHA<\/strong><\/h5>\n<p class=\"fittexted_for_content_h4\">&nbsp; &nbsp; &nbsp; &nbsp; &nbsp; &nbsp; &nbsp; &nbsp; &nbsp; &nbsp; &nbsp; &nbsp; &nbsp; &nbsp; &nbsp; <strong>&nbsp; (Tradicionalni slovenski zajtrk \u201cKruh za zajtrk \u2013 super dan\u201d)<\/strong><\/p>\nngg_shortcode_74_placeholder\n<h5 style=\"text-align: center\"><strong>OBISK VOGRINOVEGA MLINA<\/strong><\/h5>\n<p class=\"fittexted_for_content_h4\">&nbsp; &nbsp; &nbsp; &nbsp; &nbsp; &nbsp; &nbsp; &nbsp; &nbsp; &nbsp; &nbsp; &nbsp; &nbsp; &nbsp; &nbsp; <strong>&nbsp; (Tradicionalni slovenski zajtrk \u201cKruh za zajtrk \u2013 super dan\u201d)<\/strong><\/p>\nngg_shortcode_75_placeholder\n<h5 style=\"text-align: center\"><strong>IZ P\u0160ENICE V MOKO<\/strong><\/h5>\n<p class=\"fittexted_for_content_h4\">&nbsp; &nbsp; &nbsp; &nbsp; &nbsp; &nbsp; &nbsp; &nbsp; &nbsp; &nbsp; &nbsp; &nbsp; &nbsp; &nbsp; &nbsp; <strong>&nbsp; (Tradicionalni slovenski zajtrk \u201cKruh za zajtrk \u2013 super dan\u201d)<\/strong><\/p>\nngg_shortcode_76_placeholder\n<p style=\"text-align: center\"><strong>Kaj me je pripeljalo v vrtec? <\/strong><\/p>\n<p style=\"text-align: center\"><strong>Brrrrmmmmm&#8230;<\/strong><\/p>\n<p style=\"text-align: center\">(Projekt Varno v vrtec)<\/p>\nngg_shortcode_77_placeholder\n<p>&nbsp;<\/p>\n<p style=\"text-align: center\"><strong>JE\u017dEK ZELENI TE PIKA V DLANI, <\/strong><\/p>\n<p style=\"text-align: center\"><strong>NATO PA RJAVI MO\u017dI\u010cEK POKUKA NA DAN.<\/strong><\/p>\n<p style=\"text-align: center\">(peka kostanjev)<\/p>\nngg_shortcode_78_placeholder\n<p style=\"text-align: center\"><strong>GASILCI SMO IN POGASIMO VSE KAR JE V OGNJU<\/strong><\/p>\nngg_shortcode_79_placeholder\n<p style=\"text-align: center\"><strong>\u0160KRATKI RAZISKUJEMO GOZD<\/strong><\/p>\nngg_shortcode_80_placeholder\n<p style=\"text-align: center\"><strong>LISTKI PADAJO Z DREVESA<\/strong><\/p>\n<p style=\"text-align: center\">Listki padajo z dreves,<br \/>\nje\u017eek jih natika,<br \/>\nlistki milo jokajo,<br \/>\nker jih je\u017eek \u0161pika.<br \/>\n\u00bbKaj pa jo\u010de\u0161 listek mali,<br \/>\nsaj ne bo tako hudo,<br \/>\nko pri\u0161la bo huda zima,<br \/>\nti pri meni bo toplo!\u00ab<\/p>\nngg_shortcode_81_placeholder\n<p style=\"text-align: center\"><strong>TEDEN OTROKA<\/strong><\/p>\n<p style=\"text-align: center\">1.dan: izvedba eksperimenta: Cveto\u010da papirnata ro\u017ea<\/p>\n<p>&nbsp;<\/p>\nngg_shortcode_82_placeholder\n<p style=\"text-align: center\">2.dan: razvr\u0161\u010danje kamen\u010dkov, izvedba preizkusa (Mavrica), obisk gozda<\/p>\nngg_shortcode_83_placeholder\n<p style=\"text-align: center\">3. dan: ogled gledali\u0161ke predstave (Hvale\u017eni medved), igra s \u010dude\u017enimi kartami &#8211; poglej pod lu\u010dko kaj se skriva v kozar\u010dki, barvanje &#8220;bu\u010d&#8221;<\/p>\nngg_shortcode_84_placeholder\n<p style=\"text-align: center\">4. dan: izvedba preizkusa (&#8220;bruhajo\u010da bu\u010da&#8221; &#8211; vulkan, izdelava &#8220;sovic&#8221; iz listja)<\/p>\nngg_shortcode_85_placeholder\n<p style=\"text-align: center\">5.dan: Ogled gledali\u0161ke predstave (Jesenski direndaj) &#8211; glej pod PRAZNOVANJA<\/p>\n<p>&nbsp;<\/p>\n<p>&nbsp;<\/p>\n<p style=\"text-align: center\"><strong>Moji beli zobki, moji beli zobki,<\/strong><\/p>\n<p style=\"text-align: center\">kakor sneg se svetijo.<\/p>\n<p style=\"text-align: center\">Moji beli zobki, moji beli zobki,<\/p>\n<p style=\"text-align: center\">se kar sami smejejo.<\/p>\nngg_shortcode_86_placeholder\n<p style=\"text-align: center\">&#8220;Za\u010dni mlad, tekmuj po\u0161teno&#8221; (Mno\u017ei\u010dni tek 2023)<\/p>\nngg_shortcode_87_placeholder\n<p style=\"text-align: center\">Za\u010dela se je nova zgodba:)&nbsp;<\/p>\nngg_shortcode_88_placeholder\n<h2>&nbsp;<\/h2>\n<h2 style=\"font-size: 25px;text-align: center\">&nbsp;<\/h2>\n","protected":false},"excerpt":{"rendered":"<p>1. STAROSTNO OBDOBJE (2\u20133 LET) * Vzgojiteljica: Jasmina Rodo\u0161ek * Pomo\u010dnica vzgojiteljice: Denisa Lon\u010dari\u010d &nbsp; \u0160OLSKO LETO 2025\/26 USTVARJALNO DOPOLDNE Z BABICAMI MAREC PRI SON\u010cKIH FEBRUAR PRI SON\u010cKIH &nbsp; JANUAR PRI SON\u010cKIH DECEMBER PRI SON\u010cKIH NOVEMBER PRI SON\u010cKIH OKTOBER PRI SON\u010cKIH SEPTEMBER PRI SON\u010cKIH &nbsp; &nbsp; &nbsp; \u0160OLSKO LETO 2024\/2025 &nbsp; KOPALNI DAN Dejavnosti v [&hellip;]<\/p>\n","protected":false},"author":37063,"featured_media":0,"parent":0,"menu_order":0,"comment_status":"closed","ping_status":"closed","template":"","meta":{"_et_pb_use_builder":"","_et_pb_old_content":"","_et_gb_content_width":"","ngg_post_thumbnail":0,"footnotes":""},"class_list":["post-7980","page","type-page","status-publish","hentry"],"_links":{"self":[{"href":"https:\/\/vrtecpriosjakobskidol.splet.arnes.si\/index.php?rest_route=\/wp\/v2\/pages\/7980","targetHints":{"allow":["GET"]}}],"collection":[{"href":"https:\/\/vrtecpriosjakobskidol.splet.arnes.si\/index.php?rest_route=\/wp\/v2\/pages"}],"about":[{"href":"https:\/\/vrtecpriosjakobskidol.splet.arnes.si\/index.php?rest_route=\/wp\/v2\/types\/page"}],"author":[{"embeddable":true,"href":"https:\/\/vrtecpriosjakobskidol.splet.arnes.si\/index.php?rest_route=\/wp\/v2\/users\/37063"}],"replies":[{"embeddable":true,"href":"https:\/\/vrtecpriosjakobskidol.splet.arnes.si\/index.php?rest_route=%2Fwp%2Fv2%2Fcomments&post=7980"}],"version-history":[{"count":19,"href":"https:\/\/vrtecpriosjakobskidol.splet.arnes.si\/index.php?rest_route=\/wp\/v2\/pages\/7980\/revisions"}],"predecessor-version":[{"id":34489,"href":"https:\/\/vrtecpriosjakobskidol.splet.arnes.si\/index.php?rest_route=\/wp\/v2\/pages\/7980\/revisions\/34489"}],"wp:attachment":[{"href":"https:\/\/vrtecpriosjakobskidol.splet.arnes.si\/index.php?rest_route=%2Fwp%2Fv2%2Fmedia&parent=7980"}],"curies":[{"name":"wp","href":"https:\/\/api.w.org\/{rel}","templated":true}]}}